visor of 36 and 168.
12
What is the highest common factor of 646 and 38?
38
What is the highest common factor of 736 and 46?
46
Calculate the greatest common factor of 126 and 180.
18
Calculate the greatest common divisor of 60 and 390.
30
Calculate the greatest common factor of 112 and 3024.
112
Calculate the greatest common divisor of 18 and 963.
9
What is the greatest common factor of 2 and 5?
1
What is the highest common factor of 9 and 369?
9
Calculate the greatest common factor of 930 and 645.
15
What is the greatest common divisor of 2520 and 1638?
126
What is the highest common factor of 7 and 32?
1
What is the highest common factor of 100 and 35?
5
Calculate the highest common factor of 256 and 24.
8
What is the highest common divisor of 72 and 1395?
9
Calculate the greatest common divisor of 29 and 232.
29
Calculate the highest common factor of 364 and 62244.
364
Calculate the highest common factor of 920 and 200.
40
Calculate the highest common factor of 871 and 208.
13
What is the greatest common divisor of 63 and 252?
63
What is the greatest common divisor of 294 and 714?
42
What is the highest common divisor of 5761 and 7?
7
Calculate the greatest common divisor of 183 and 488.
61
Calculate the highest common divisor of 51 and 578.
17
Calculate the highest common divisor of 82 and 574.
82
What is the highest common divisor of 950 and 150?
50
What is the greatest common factor of 217 and 403?
31
What is the highest common factor of 65 and 1586?
13
Calculate the greatest common factor of 1048 and 28.
4
Calculate the greatest common factor of 870 and 180.
30
What is the highest common divisor of 12 and 42?
6
What is the greatest common factor of 181 and 11403?
181
Calculate the highest common divisor of 7 and 301.
7
What is the greatest common divisor of 14 and 350?
14
Calculate the highest common divisor of 2664 and 108.
36
Calculate the greatest common divisor of 65 and 78.
13
What is the greatest common factor of 4556 and 2948?
268
Calculate the greatest common divisor of 203 and 175.
7
Calculate the highest common factor of 490 and 1862.
98
Calculate the highest common divisor of 3113 and 33.
11
What is the greatest common factor of 13 and 143?
13
What is the greatest common factor of 67 and 57?
1
What is the greatest common factor of 16 and 36?
4
Calculate the greatest common factor of 636 and 372.
12
Calculate the greatest common divisor of 1377 and 34.
17
Calculate the highest common factor of 31 and 2.
1
What is the highest common factor of 560 and 12160?
80
Calculate the highest common divisor of 1089 and 18.
9
Calculate the greatest common factor of 40 and 48.
8
What is the highest common factor of 413 and 49?
7
Calculate the greatest common divisor of 255 and 595.
85
Calculate the greatest common factor of 86 and 24166.
86
What is the greatest common divisor of 17608 and 71?
71
Calculate the greatest common factor of 316 and 8.
4
Calculate the highest common divisor of 72 and 6816.
24
Calculate the greatest common factor of 2624 and 4.
4
Calculate the greatest common divisor of 54 and 776.
2
Calculate the greatest common divisor of 18 and 381.
3
Calculate the greatest common factor of 442 and 12.
2
Calculate the highest common factor of 34 and 136.
34
What is the greatest common factor of 10 and 340?
10
Calculate the highest common factor of 1933 and 1.
1
What is the highest common divisor of 84 and 408?
12
What is the highest common factor of 33 and 33?
33
What is the greatest common factor of 104 and 494?
26
What is the greatest common factor of 8 and 12184?
8
Calculate the greatest common factor of 32 and 30.
2
Calculate the highest common factor of 329 and 7.
7
What is the greatest common divisor of 75205 and 89?
89
Calculate the highest common factor of 81 and 63.
9
What is the highest common factor of 5668 and 364?
52
Calculate the greatest common divisor of 369 and 774.
9
Calculate the greatest common factor of 81 and 36.
9
What is the highest common divisor of 14 and 19880?
14
What is the greatest common factor of 16 and 1316?
4
Calculate the highest common factor of 7961 and 19.
19
Calculate the greatest common factor of 76 and 1235.
19
Calculate the greatest common factor of 4232 and 8.
8
Calculate the highest common divisor of 94 and 893.
47
What is the highest common factor of 3044 and 2?
2
What is the greatest common factor of 41 and 1?
1
Calculate the highest common divisor of 52 and 12.
4
Calculate the highest common divisor of 1261 and 429.
13
What is the highest common divisor of 8607 and 133?
19
What is the highest common factor of 6052 and 89?
89
What is the highest common divisor of 22 and 2640?
22
Calculate the greatest common factor of 7 and 21.
7
What is the highest common divisor of 301 and 21?
7
Calculate the highest common divisor of 5508 and 68.
68
What is the highest common factor of 256 and 288?
32
Calculate the greatest common divisor of 7 and 679.
7
Calculate the greatest common divisor of 40 and 1024.
8
Calculate the highest common divisor of 2279 and 129.
43
What is the highest common factor of 403 and 2573?
31
What is the highest common factor of 574 and 168?
14
Calculate the highest common factor of 259 and 63.
7
Calculate the greatest common divisor of 820 and 20.
20
What is the greatest common divisor of 800 and 50?
50
What is the highest common divisor of 28 and 3710?
14
Calculate the highest common divisor of 960 and 15.
15
What is the greatest common divisor of 162 and 594?
54
What is the highest common divisor of 45 and 801?
9
What is the greatest common divisor of 816 and 255?
51
Calculate the highest common factor of 81 and 243.
81
What is the greatest common factor of 11 and 99?
11
What is the highest common divisor of 8 and 25?
1
Calculate the greatest common divisor of 1 and 71.
1
What is the greatest common divisor of 28 and 2527?
7
Calculate the highest common factor of 48 and 2376.
24
Calculate the greatest common factor of 23718 and 268.
134
Calculate the highest common divisor of 40 and 6.
2
Calculate the greatest common factor of 9 and 65187.
9
What is the highest common divisor of 6 and 150?
6
What is the greatest common divisor of 570 and 60?
30
Calculate the greatest common divisor of 1584 and 192.
48
Calculate the greatest common factor of 330 and 585.
15
What is the greatest common divisor of 336 and 126?
42
What is the highest common factor of 9 and 19062?
9
What is the greatest common divisor of 69 and 253?
23
Calculate the highest common factor of 14 and 182.
14
Calculate the highest common divisor of 2668 and 92.
92
Calculate the greatest common factor of 735 and 315.
105
What is the highest common divisor of 170 and 68?
34
What is the highest common factor of 315 and 693?
63
Calculate the highest common factor of 165 and 385.
55
Calculate the highest common divisor of 36757 and 89.
89
Calculate the highest common factor of 1649 and 388.
97
Calculate the highest common factor of 64 and 2144.
32
What is the highest common factor of 2187 and 27?
27
What is the greatest common factor of 2508 and 1320?
132
Calculate the greatest common factor of 81 and 63.
9
What is the highest common factor of 52 and 13?
13
What is the greatest common divisor of 45 and 27?
9
What is the highest common divisor of 22 and 2893?
11
Calculate the greatest common divisor of 480 and 380.
20
Calculate the highest common divisor of 11 and 127666.
11
What is the highest common divisor of 22 and 55066?
22
Calculate the greatest common divisor of 266 and 35.
7
What is the greatest common divisor of 45 and 855?
45
Calculate the highest common factor of 483 and 69.
69
Calculate the greatest common factor of 96 and 7008.
96
What is the greatest common divisor of 234 and 52?
26
Calculate the highest common divisor of 536 and 8.
8
Calculate the highest common divisor of 3 and 1.
1
What is the highest common divisor of 31150 and 50?
50
What is the highest common divisor of 24 and 51?
3
Calculate the greatest common factor of 25 and 3.
1
What is the highest common factor of 120 and 440?
40
What is the highest common divisor of 9 and 8?
1
What is the highest common factor of 56 and 1064?
56
What is the greatest common divisor of 286 and 319?
11
Calculate the highest common factor of 152 and 11362